{"version":"1.0","provider_name":"COLIBER LEGAL","provider_url":"https:\/\/coliber.legal\/fr\/","author_name":"admin","author_url":"https:\/\/coliber.legal\/fr\/author\/admin\/","title":"Droit du travail - COLIBER LEGAL","type":"rich","width":600,"height":338,"html":"<blockquote class=\"wp-embedded-content\" data-secret=\"wEc3OhOWZH\"><a href=\"https:\/\/coliber.legal\/fr\/droit-du-travail\/\">Droit du travail<\/a><\/blockquote><iframe sandbox=\"allow-scripts\" security=\"restricted\" src=\"https:\/\/coliber.legal\/fr\/droit-du-travail\/embed\/#?secret=wEc3OhOWZH\" width=\"600\" height=\"338\" title=\"\u00ab\u00a0Droit du travail\u00a0\u00bb &#8212; COLIBER LEGAL\" data-secret=\"wEc3OhOWZH\" frameborder=\"0\" marginwidth=\"0\" marginheight=\"0\" scrolling=\"no\" class=\"wp-embedded-content\"><\/iframe><script type=\"text\/javascript\">\n\/* <![CDATA[ *\/\n\/*! This file is auto-generated *\/\n!function(d,l){\"use strict\";l.querySelector&&d.addEventListener&&\"undefined\"!=typeof URL&&(d.wp=d.wp||{},d.wp.receiveEmbedMessage||(d.wp.receiveEmbedMessage=function(e){var t=e.data;if((t||t.secret||t.message||t.value)&&!\/[^a-zA-Z0-9]\/.test(t.secret)){for(var s,r,n,a=l.querySelectorAll('iframe[data-secret=\"'+t.secret+'\"]'),o=l.querySelectorAll('blockquote[data-secret=\"'+t.secret+'\"]'),c=new RegExp(\"^https?:$\",\"i\"),i=0;i<o.length;i++)o[i].style.display=\"none\";for(i=0;i<a.length;i++)s=a[i],e.source===s.contentWindow&&(s.removeAttribute(\"style\"),\"height\"===t.message?(1e3<(r=parseInt(t.value,10))?r=1e3:~~r<200&&(r=200),s.height=r):\"link\"===t.message&&(r=new URL(s.getAttribute(\"src\")),n=new URL(t.value),c.test(n.protocol))&&n.host===r.host&&l.activeElement===s&&(d.top.location.href=t.value))}},d.addEventListener(\"message\",d.wp.receiveEmbedMessage,!1),l.addEventListener(\"DOMContentLoaded\",function(){for(var e,t,s=l.querySelectorAll(\"iframe.wp-embedded-content\"),r=0;r<s.length;r++)(t=(e=s[r]).getAttribute(\"data-secret\"))||(t=Math.random().toString(36).substring(2,12),e.src+=\"#?secret=\"+t,e.setAttribute(\"data-secret\",t)),e.contentWindow.postMessage({message:\"ready\",secret:t},\"*\")},!1)))}(window,document);\n\/\/# sourceURL=https:\/\/coliber.legal\/wp-includes\/js\/wp-embed.min.js\n\/* ]]> *\/\n<\/script>\n","description":"COLIBER LEGAL accompagne ses clients dans leurs strat\u00e9gies en mati\u00e8re d\u2019emploi sur les march\u00e9s allemand, fran\u00e7ais et polonais ainsi qu&rsquo;\u00e0 l&rsquo;international. Nous intervenons fr\u00e9quemment en tant qu&rsquo;interface avec la soci\u00e9t\u00e9 m\u00e8re \u00e9trang\u00e8re et conseillons sur les enjeux culturels et juridiques des nouveaux projets d&#8217;emploi ou de restructuration en ce qui concerne le droit du travail..."}

COLIBER LEGAL accompagne ses clients dans leurs stratégies en matière d’emploi sur les marchés allemand, français et polonais ainsi qu&rsquo;à l&rsquo;international. Nous intervenons fréquemment en tant qu&rsquo;interface avec la société mère étrangère et conseillons sur les enjeux culturels et juridiques des nouveaux projets d&#8217;emploi ou de restructuration en ce qui concerne le droit du travail...
